(3 - -1 - 2)?
-4
What is 1 + -6 - (4 - (8 - 4))?
-5
What is (-3 - (3 - -1)) + 11?
4
Evaluate 7 - 9 - (0 + -4 - 1).
3
What is the value of -13 - 2 - -6 - 0?
-9
Calculate -10 + 10 + 6 + (-1 - 0).
5
What is -1 + 2 + 1 + -7 + 0?
-5
Calculate 1 + 2 + -5 + 1.
-1
What is the value of 6 - (13 - (3 - -2))?
-2
Evaluate 8 + -5 - (-2 + (3 - -2)).
0
What is 6 + (-2 - 14 - -12)?
2
Evaluate -2 - (-2 - -3 - 0).
-3
What is the value of (9 - 14) + 3 + 0?
-2
What is (14 - -1 - 2) + (-8 - -1)?
6
Evaluate (5 + 7 - 16) + (4 - -1).
1
What is -1 - 0 - (3 + 5 + -6)?
-3
Evaluate -8 - (10 - (-1 + 12)).
-7
Evaluate 8 + -9 + 5 + -17 - -2.
-11
4 - (6 - 6) - 4
0
Evaluate 4 - (4 - (2 - 4 - 2)).
-4
Evaluate -7 + 0 + (-1 - (-2 + -3)).
-3
What is -6 + (0 - 0 - -3)?
-3
(5 - (-5 + -1 - -9)) + -4
-2
What is -7 + 11 + -2 + -4?
-2
What is the value of 2 + -1 + 5 + -4?
2
What is the value of 3 + 1 - (5 - 6)?
5
What is the value of 7 + -10 + 5 + (2 - 1)?
3
Calculate -2 - (-4 - -3) - (-1 - -1).
-1
Evaluate -2 + 5 + 4 - 6.
1
What is 0 - (-20 + 18 + -2 + 5)?
-1
Calculate 7 - (5 + (5 - 11 - -7)).
1
Evaluate -3 + (17 + -12 - (2 + -1)).
1
Evaluate -2 - (0 + 2 - 2).
-2
Calculate (-31 - -14 - -15) + 9 + 0.
7
1 - (-6 - -8) - -6
5
Calculate (7 - (1 - -9)) + 1.
-2
Evaluate -2 - (-8 - (8 - 8)).
6
Evaluate (-2 - -9) + (-1 - (4 - 3)).
5
Evaluate 3 - 3 - (4 + -2).
-2
13 - ((-7 - (-6 - -1)) + 8)
7
Evaluate (1 - (2 - 2)) + -3 + -1.
-3
-2 + -3 - -11 - 4
2
What is the value of (-2 + 1 - -1) + (-4 - -4)?
0
What is (-11 - -7) + -2 - (-1 - 3)?
-2
What is (-14 - -10) + -9 - -4?
-9
5 - (-1 - (-7 - (-8 - -6)))
1
Evaluate 9 + -11 + (5 + -12 - -14).
5
Evaluate (-9 - 1) + (10 - 2).
-2
-1 - (5 + -1 - 1)
-4
What is the value of -5 + 0 + (3 + -1 - 2)?
-5
What is the value of -1 - 8 - (13 + -36 - -19)?
-5
What is the value of (3 - 0 - (-1 - -4)) + 4?
4
What is 2 + -6 - (-6 - -2) - 3?
-3
What is the value of -3 + (-3 - (-9 + 2)) - -3?
4
Evaluate 6 + (-5 - 15 - -6 - -3).
-5
Calculate (8 - (2 + 4)) + (-1 - 1).
0
What is the value of -3 + -2 + 11 + -4 + -6?
-4
(3 - (2 + 8)) + (1 - -4)
-2
What is the value of (-7 + 3 + -4 - -4) + 0?
-4
Evaluate (-15 + 13 - (2 - 6)) + -1.
1
What is the value of 2 - (-3 + 5 - 0)?
0
-12 - -3 - -1 - -6
-2
What is (0 - -1 - 5) + 8 + 6?
10
What is -3 - (-1 - (7 - (-3 - -8)))?
0
6 - (-2 - (-5 - -4))
7
What is -1 + 5 + 0 + -2 + -5?
-3
Calculate -4 + (23 - (11 - 6)) - 5.
9
Calculate 11 - (-8 + -1 + 3 - -12).
5
10 + 2 + -6 + -15
-9
What is the value of (3 + -1 - 1) + (-5 - -1)?
-3
8 + -6 + 2 - 11
-7
What is 8 + 5 + (-18 - 5)?
-10
What is 2 - (1 - -2 - 2)?
1
-11 + -2 + (6 - -2)
-5
Evaluate -10 + 14 + -5 + -1.
-2
Evaluate -1 - (-4 + 5) - -3.
1
-26 - -22 - (-1 + 1 + -3)
-1
Evaluate (-1 - 2) + -2 - (2 + -3).
-4
3 - (0 + 2 - -5)
-4
Calculate 3 - ((14 - 1) + -6).
-4
What is 4 - (-2 + 1 + -5 + 5)?
5
Calculate 5 + -3 - (3 + 2 - -1).
-4
What is the value of -6 - (-2 - 3 - (4 - 1))?
2
Calculate 4 - (8 - 6 - 3).
5
What is 2 - (11 - (2 + 2))?
-5
What is the value of -1 - (1 + 6 + -4) - -3?
-1
What is the value of -15 + (7 - 2) + 8 + 0?
-2
Calculate 0 - -2 - (-4 - -2 - -6).
-2
0 - (0 - (1 + 3))
4
What is 0 + 0 + (15 - 10)?
5
What is 14 - (18 + (-2 - 4))?
2
Evaluate -1 - (4 + 0 + (-3 - 1)).
-1
5 - (2 - -6 - 1) - -2
0
-1 + 0 + (-2 - -4) + 1
2
Evaluate -2 - -1 - (5 - 4 - -3).
-5
What is the value of -7 + (2 - (3 + -3)) + 4?
-1
What is the value of (1 + 1 + -6 - -11) + -3?
4
What is the value of -1 + 0 - (0 + 1 - 5)?
3
Calculate (-8 - -14) + (6 - 8) - 7.
-3
What is -2 - -3 - (0 + 2 - 2)?
1
Calculate -6 + 8 + -9 - (-4 + -2).
-1
What is 1 - 1 - (10 - 17)?
7
3 - (-3 - -1) - (-16 + 23)
-2
What is the value of (-2 - (1 + -3)) + (-225 - -219)?
-6
Calculate 7 - -1 - (1 - (-3 - 6)).
-2
Evaluate -7 - (-8 + 12 - 10).
-1
What is 4 - 2 - (-1 + 3 - 1)?
1
2 + (-5 - -1) - (21 - 27)
4
What is the value of (-5 - (1 + -11)) + -1?
4
What is (6 - 0) + (-20 - -8)?
-6
What is -1 + -4 - 3 - (-5 + 2)?
-5
-1 + 16 + -4 - (2 - -3)
6
Evaluate 10 + -18 + -5 - (2 + -8).
-7
8 - (-4 - -4) - (13 + -4)
-1
Evaluate (4 - 4) + -3 - (-1 + 0).
-2
Calculate (-13 - 0) + 12 + -6 + 0.
-7
What is the value of -19 - -15 - (0 - (12 + 1))?
9
Evaluate -1 - -1 - (-6 - -7).
-1
What is -25 - (-24 - -13) - -7?
-7
What is -6 + -1 + 206 + -208?
-9
What is the value of -8 - -4 - (3 - 0)?
-7
What is 1 + -1 - -6 - (183 + -174)?
-3
6 + -5 + 6 - (-2 - -4)
5
Calculate (6 + 0 - -1) + 2 + -5.
4
What is the value of 1 + 2 + -5 + -2?
-4
-7 - (-6 + 2 + -4)
1
Calculate (8 - (0 + 0)) + (52 - 57).
3
Calculate 1 + 0 + (-6 - 0).
-5
What is 6 + -9 + 1 + 4?
2
What is the value of (6 - 7) + (4 - 3 - -2)?
2
Evaluate 8 + -19 + 7 + 1 - 3.
-6
What is the value of (4 - -1 - -3) + -3?
5
What is the value of -5 - (-9 - (-5 + 1))?
0
What is -9 + (5 - -6 - -5)?
7
What is the value of 1 + 3 + 1 - 5?
0
What is the value of 2 - (6 - 1) - (17 + -15)?
-5
1 + -10 + 6 + 2 + -3
-4
What is -9 + 4 + 7 + 0?
2
Evaluate 2 + 3 + 6 + (-8 - -1).
4
What is the value of 3 + 15 + -8 - 2?
8
(-6 - (-10 - -7)) + (1 - -1)
-1
Evaluate 2 + 0 - (1 + 0).
1
-1 - 1 - (3 + -2 + -2)
-1
What is the value of 39 - 37 - ((-1 - -1) + 0)?
2
What is (6 + -8 - -10 - -2) + -1?
9
What is the value of 6 - (-7 - -6 - -4)?
3
Calculate (-4 - -4 - -6) + -10.
-4
Evaluate (-5 - (-5 + 0)) + (1 - 5).
-4
What is the value of 4 - (0 + 7) - (-3 + 5)?
-5
(1 - -1) + -82 + 77
-3
-2 + 0 + 4 + 0 + -2
0
What is (-1 - (-1 + 8) - -7) + -5?
-6
17 + -14 - 1 - (-2 + -3)
7
-1 - (-7 + 1 + 4)
1
1 - (-2 - (-3 - -3) - -6)
-3
Evaluate 207 + -210 + (10 + 0 - 1).
6
-1 + -1 + (8 + -10 - -8)
4
What is -38 + 48 + (0 - 7)?
3
Evaluate 2 - (-4 - (-4 - 0 - -1)).
3
-3 + 9 - (-18 - -25)
-1
Evaluate -4 + (-3 - (-2 + -1 + 1)).
-5
Evaluate -3 - -1 - (-26 + 19).
5
What is -4 + 4 + 4 + (-1 - 4)?
-1
4 + (-2 - -3) - (8 - 8)
5
Calculate 0 + (0 - (-4 - -4)).
0
What is the value of -2 - (-4 + 3 - (-1 - 3))?
-5
Calculate 125 + -142 - ((0 - 0) + -8).
-9
What is 1 - (5 + -10 + 9)?
-3
Calculate -5 + (-2 - -3) - -3.
-1
What is the value of (-2 - -9) + -6 - -2?
3
Evaluate -5 + (10 - (11 - 11)).
5
What is the value of (-1 - 1) + (-3 - -8)?
3
What is 4 + (1 - (-4 + 2 - -3))?
4
What is the value of (10 - -2) + (56 - 59)?
9
Calculate 1 + 1 - (6 - -3).
-7
What is 4 + -2 + -2 + 3 + 2?
5
What is (11 - -1) + -18 + 11?
5
18 + -15 - 2 - (0 + -3)
4
What is the value of (17 - 6) + (-16 - 3)?
-8
Evaluate 3 - (-2 + -2 + (-1 - -8)).
0
Calculate -2 + (17 - 11) + -3 + -11.
-10
Evaluate -4 + (-2 - -5) + -3.
-4
Evaluate (-12 - -25) + -9 - (-2 - 2).
8
0 + (-4 - (-12 - -5)) - 3
0
-6 - (-2 - 1 - 4)
1
What is -2 + (-5 + 5 - -2 - 2)?
-2
-10 - 1 - (29 + -33)
-7
Calculate -13 - (1 + -15) - (-2 + -1).
4
Evaluate (-9 - (-5 + 2)) + (-2 - -9).
1
10 + -19 + 11 + -4
-2
Evaluate 0 - (2 - 2) - (5 + -3).
-2
Evaluate -7 - (0 + -3 + 1).
-5
Calculate -5 + (3 + -1 - 0).
-3
Evaluate 1 - 2 - -1 - (53 + -50).
-3
Evaluate -4 + (-3 - (2 - 4 - 6)).
1
Calculate -5 + -5 - -4 - -9 - 10.
-7
What is the value of (-3 - ((1 - -3) + -13)) + -3?
3
Evaluate 8 + 9 + -9 - 10.
-2
What is the value of (8 + -3 - -2) + -3?
4
Evaluate 1 - (1 + -2 + (7 - 8)).
3
What is (4 - (1 - -2)) + (26 - 34)?
-7
What is 1 - (-6 - -1) - 11?
-5
What is the value of 1 + -1 - (-13 + (-4 - -15))?
2
Calculate (-1 - (3 - (-2 - -1))) + 1.
-4
(-1 - (10 - 5)) + (8 - -7)
9
What is -1 + -12 + -58 + 66?
-5
-1 + 0 + (11 - (-6 + 13))
3
What is the value of 4 + 2 + -1 - 2?
3
Calculate 2 + -3 - (2 + 4 + -4).
-3
What is the value of 2 - (1 + 1 + 1)?
-1
What is 4 + (4 - 4) + -8 + 4?
0
Calculate -10 - (7 + -11) - -1.
-5
Calculate 50 + -58 + (-3 + 4 - 1).
-8
Evaluate -13 + 1 + 2 - -6 - -3.
-1
Calculate 2 - (-3 - 0 - -9).
-4
What is 5 - (-10 + 22 + 0)?
-7
Calculate 14 + -7 - 14 - -8.
1
What is the value of (2 - ((10 - 7) + -6)) + 4?
9
10 + -1 - (49 - 43)
3
1 + (4 - 2) + -3
0
(-8 - -17) + -7 + -6
-4
Evaluate (49 - 46) + 0 + (1 - 2).
2
Evaluate 1 - 9 - (3 + (-14 - -11)).
-8
Calculate 25 + -23 - (-1 + 1 + 0).
2
Evaluate 4 + (-10 - (9 + -8)).
-7
Calculate 2 + -2 + 6 + -2 + 1.
5
What is 3 + (-5 - 2) + 4?
0
2 - 0 - (-4 - (9 - 10))
5
Evaluate 2 - (3 + -1 + -2) - 4.
-2
Evaluate 2 - 4 - (-10 - (1 + -4)).
5
What is (1 - -4) + 0 + -6 + 3?
2
Calculate -2 - 7 - (21 + -27).
-3
Calculate -12 + 22 + -11 - (2 - -1).
-4
What is the value of -9 + (-4 + 2 - -4 - -3)?
-4
Calculate -6 + (-4 - -8 - 1).
